 Does 10 divide a?
False
Let k = 772 - 356. Is k a multiple of 8?
True
Suppose 8*z = 3*z - 780. Let f = -86 - z. Is 14 a factor of f?
True
Let v(k) be the second derivative of -3*k**2 + 1/20*k**5 + 1/2*k**4 - 2*k + 0 + 1/3*k**3. Is 9 a factor of v(-5)?
True
Let c(o) = 3*o + 0*o**3 - 7*o**3 - 1 - 3*o. Let n be c(-1). Is 15 a factor of (-132)/(-9) - (-2)/n?
True
Let h = -10 + -49. Let y = 72 + h. Is y a multiple of 11?
False
Suppose 2*c - z = 20, -3*c - 5*z = -0*z - 17. Does 19 divide 2/c - 8365/(-63)?
True
Let i(h) = -48*h**3 + 3*h**2 + 2*h - 1. Let q(d) = -d**2. Let j be q(-1). Does 8 divide i(j)?
True
Suppose -4*u + 2*o = -18, 2*u - 24 = -0*u + 4*o. Suppose -34 = -u*d - d - 4*v, 34 = 2*d - 3*v. Is d a multiple of 13?
False
Let k(v) = -v**2 - 6*v + 3. Let i be k(-6). Suppose i*n = n - 4. Is 25 a factor of (-6 - -3 - n)*-75?
True
Suppose 0 = -2*t - 4*m + 4328, 41*t - 43*t + 4328 = -m. Is t a multiple of 78?
False
Let a(r) be the first derivative of r**4/4 - 2*r**3/3 - 5*r**2 - 8*r - 5. Is 18 a factor of a(6)?
False
Suppose -8*y - 1102 + 4942 = 0. Is 10 a factor of y?
True
Let f = 6 - 26. Let r = 1 - -7. Does 12 divide (-2)/r + (-485)/f?
True
Suppose -5*u - u - 504 = 0. Let w = -77 - u. Does 5 divide w?
False
Suppose 5*z = -4*t - 26 - 91, 5*z - 2*t + 99 = 0. Let b(x) = x**2 + 19*x - 25. Is b(z) a multiple of 7?
False
Let q(k) be the third derivative of k**5/20 + k**4/12 - 8*k**3/3 + 9*k**2. Is q(-7) a multiple of 11?
False
Suppose n = -3*n - 7568. Let o be (-9)/15 - n/20. Suppose -5*a = 3*f - o + 9, -32 = -f + 2*a. Is f a multiple of 9?
False
Suppose -4824 = -18*b - 360. Is 14 a factor of b?
False
Suppose 3*u = 8*u - 10. Suppose -4*b + u*b - 3*v = -169, v + 5 = 0. Is 10 a factor of b?
False
Suppose -3*r + 9 = -5*k - 11, -r = -k - 6. Suppose -2*h + 278 = c, 0 = c + r*h - 230 - 45. Does 20 divide c?
True
Let f(x) = x**2 + 5*x - 82. Is f(14) a multiple of 4?
True
Let g = 1974 + -1920. Is g a multiple of 14?
False
Let z be (1/(-2))/(4/(-8)). Let g be (3 - 3)/(z - -1). Let l(v) = -v**2 + 10. Is l(g) a multiple of 4?
False
Suppose 49*i - 20*i = 13659. Does 53 divide i?
False
Let l(j) = -5*j**2 - 7*j - 49. Let a(v) = v**2 + v. Let g(q) = -6*a(q) - l(q). Suppose 5*w - 10 = 0, -4*p + 8 = -9*p + 4*w. Does 23 divide g(p)?
False
Suppose 3*a - 4*a - 5 = 0, 0 = -5*f + 2*a + 3070. Suppose 0 = -5*m + f - 2. Is m a multiple of 54?
False
Let b(j) = -j - 13. Let r be b(-16). Suppose 0*o + 3*q = -3*o - 27, -o - r*q - 3 = 0. Does 15 divide 30/o*(1 - 19)?
True
Does 33 divide (-17)/68 + 1369/4?
False
Suppose r + r = 3*l - 3212, -3*l - 5*r + 3184 = 0. Is 19 a factor of l?
False
Let w = -103 + 175. Is w a multiple of 22?
False
Let k be -5 - (-4)/2 - -228. Suppose 3*m - 130 = m + 4*f, -4*m + f = -k. Suppose 0 = 2*y - 225 + m. Is y a multiple of 22?
False
Suppose 30860 = 12*a + 8*a. Is 22 a factor of a?
False
Suppose 2*j - 5166 = -3*u, 3*u - 37*j - 5157 = -36*j. Does 10 divide u?
True
Let b(a) = 26 + 34 - 6*a + 20 + 2*a + 0*a. Suppose 4*l = -4, -6*l = 3*q - l + 5. Is b(q) a multiple of 30?
False
Suppose -4 = -2*s - 4*k, 4*s - 2*s + 2*k - 14 = 0. Let t = 24 + s. Is t a multiple of 7?
False
Is (-702)/(-2) + 4*2/(-8) a multiple of 25?
True
Let a be (1/(1/(-5)))/(-1). Suppose 5*h - a = 10. Is 19 a factor of h - 0 - (4 - 43)?
False
Let y be (-10)/30 - (-13)/3. Suppose -5*m = -y*x + 336, -2*x + 5*m = -3*x + 109. Let v = -59 + x. Is 7 a factor of v?
False
Let f be 5 + -3 - (2 - -1). Does 19 divide (1 - (-3)/(-9))*(f + 115)?
True
Let d = 3909 + -1872. Does 12 divide d?
False
Suppose 16020 = 5*z - 5*b, 0 = -8*z + 5*z - 2*b + 9592. Is 16 a factor of z?
True
Suppose 0 = k + 4*k - 35. Let q(u) = 6*u - 1 - 13 + 8. Is 18 a factor of q(k)?
True
Suppose c + 4*c - 20 = 0. Suppose -5 = -c*n + 3*n. Suppose 19 = m + 4*p - 18, 3*m + n*p = 125. Does 21 divide m?
False
Suppose 2*g + 1154 = 3*g - 4*n, -5*g = 4*n - 5866. Does 13 divide g?
True
Let y(p) = p**2 - 6*p - 3. Let i(k) = k**2 - 11*k + 5. Let s be i(11). Suppose x = 3*x - 4*o - 2, o + 32 = s*x. Does 2 divide y(x)?
True
Let u(a) = 37*a**2. Let l be u(-1). Let k = 41 - l. Does 4 divide k?
True
Suppose 5*j + 3*j = 192. Suppose 2*m = z - j, 2*z = z + m + 29. Is 10 a factor of z?
False
Let r = -25 - -28. Suppose -r*x = -4*x + 97. Is 23 a factor of x?
False
Is 16 a factor of (-137840)/(-64) - (4/(-16))/1?
False
Let j be 1*(1 - 2)*5. Let d(m) = -6*m + 9 - 12 + 10 + 4*m**2 + m**3. Is d(j) a multiple of 4?
True
Let h be (-10 + 1 + 1)*-42. Suppose 222 + h = 6*t. Does 32 divide t?
False
Suppose -2*s - r + 326 = -975, 4*r - 2612 = -4*s. Is s a multiple of 12?
True
Let o(r) = -1 + 0 - 1 - 12*r. Suppose -3*c = -2*v + 19, 5*c - 2*v + 13 = -12. Is 17 a factor of o(c)?
True
Let o be -3*3 + (-6)/(-2). Let v = 48 + o. Does 6 divide v?
True
Let y(i) = -i - 7. Let x be y(-5). Let z(v) = -16*v**3 - 4*v**2 - 4*v + 3. Let g(w) = 3*w**3 - 1. Let k(q) = -5*g(q) - z(q). Is k(x) even?
True
Let u(b) = b**3 + 5*b**2 + 3*b + 1. Let x be u(-4). Suppose 5*d + 0*d - 2 = -2*o, 4*o + 26 = x*d. Is 14 a factor of (392/21)/(d/6)?
True
Let s = -40 + 40. Suppose s = r + 3*q - 24, 0*r + 2*r - 30 = 3*q. Does 9 divide r?
True
Let j(h) = h**3 - 2*h**2 - 7*h + 747. Is j(0) a multiple of 3?
True
Suppose 2*j + 3*d = 596, 3*d - 4*d = -3*j + 872. Does 7 divide j?
False
Let p be 5 - (-1 - -1 - -2). Suppose -162 = -p*m - 0*m. Is m a multiple of 34?
False
Let v(s) be the second derivative of -4/3*s**3 + 1/12*s**4 + 1/2*s**2 + 0 - 7*s. Is 10 a factor of v(12)?
False
Let s = 26 + -17. Suppose -4*f = -o - 28, 2*f - s = -o + 11. Does 18 divide (24/f)/(1/12)?
True
Let f be (13 - -33)/(-1*1). Let g = 103 + f. Does 16 divide g?
False
Suppose a - 321 = 1087. Suppose -6*m = -a + 6034. Is (-2)/(-7) + m/(-21) a multiple of 22?
False
Does 13 divide 161 + 1/(2 - 1)?
False
Let a(n) = 8*n**2 + 126*n + 4. Does 86 divide a(-26)?
False
Let z(p) = p**3 - 5*p**2 - 7*p + 8. Let h be z(6). Suppose 2*m = -h*m + 8. Suppose -5*v = -m*v - 66. Is v a multiple of 11?
True
Suppose 3*w = -w - 5*v + 20, 3*w - 8 = -2*v. Suppose w = 4*g - 10 - 38. Does 11 divide (46 - g/4) + 0?
False
Let t(b) = -22 + 15 + 10 + b. Let j be t(0). Let f = 20 - j. Does 6 divide f?
False
Let c be 8/(48/1254) - 1*-3. Suppose 2*z - c - 12 = 0. Is z a multiple of 16?
True
Suppose -n = l - 213, 4*l + 779 = 5*n - 322. Is n a multiple of 15?
False
Suppose 10*i + 0*i + 110 = 0. Let j(p) = -15*p. Is j(i) a multiple of 15?
True
Suppose 15*d = 19*d - 20. Suppose 0*v = 2*v + 5*m - 136, -2*m = -d*v + 311. Is v a multiple of 10?
False
Suppose 21 = 5*w - 5*t - 59, w = -5*t - 14. Let s = w + -9. Suppose -l + s*j = -21, 5*l - j = l + 119. Is 10 a factor of l?
False
Let c = -229 + 403. Does 6 divide c?
True
Suppose -368 - 199 = -27*o. Does 21 divide o?
True
Suppose -3 + 1 = 2*l. Let u be (-4)/l*(-145)/(-20). Let v = 53 - u. Does 8 divide v?
True
Let s(a) = a**3 - 7*a**2 + 6*a - 9. Let i be s(6). Let t be (i/(-1))/((-1)/(-1)). Suppose -39 = -2*g + t. Is 6 a factor of g?
True
Let w = 11 - 1. Suppose 267 = -7*r + w*r. Suppose -4*y = -r - 247. Is 21 a factor of y?
True
Let u = 19 + -23. Let c = 22 + u. Suppose 328 = -c*o + 22*o. Is 14 a factor of o?
False
Is (-100434)/(-81) - 4/(-54) a multiple of 8?
True
Is 29 a factor of (5 + 3)/(3/(-870)*-4)?
True
Suppose 106 - 43 = 5*o - 4*y, 2*o + y = 33. Is o a multiple of 8?
False
Let z(c) = c**2 - 13*c + 7. Let q(h) = -h + 26. Let j be q(10). Is z(j) a multiple of 8?
False
Suppose a + 5*b = -65, a + 4*a + 3*b + 391 = 0. Let p = 195 - a. Is 55 a factor of p?
True
Suppose 5*x = 10, -5*s = -0*s - x - 843. Let v = s - 110. Is v a multiple of 18?
False
Suppose 2*i + 2*i + 20 = 0, -k + 107 = i. Suppose 2*c + k = 6*c. Is 28 a factor of c?
True
Suppose -1064*f + 1058*f = -3330. Is 15 a factor of f?
True
Let h(y) be the third derivative of y**6/120 - 13*y**5/60 - y**4/2 + 2*y**2. Suppose -3*b = 2*b + 2*j - 64, -40 = -2*b + 4*j. Does 8 divide h(b)?
False
Suppose 25*z + 185 - 1660 = 0. Does 2 divide z?
False
Let i(f) = -318*f + 309. Is i(-8) a multiple of 21?
False
Let k be (2/4)/(1/106). Let c(f) = -f**2 - 8*f - 25. Let p be c(-9). Let v = p + k. Is v a multiple of 7?
False
Let m(d) = -11 + 4 + 13 + 6*d + 11. Let b be m(-8). Let l = b - -36. Does 2 divide l?
False
Let k(g) be the third derivative of -g**6/120 - 7*g**5/60 - 3*g*